309?
21557, 255137
List the prime factors of 5947554485.
5, 1189510897
What are the prime factors of 1172801182?
2, 7, 19, 629861
List the prime factors of 2189983372.
2, 29, 1303, 14489
List the prime factors of 268509679.
17, 15794687
What are the prime factors of 55090930?
2, 5, 61, 90313
What are the prime factors of 2621656815?
3, 5, 283, 617587
List the prime factors of 26130708.
2, 3, 241951
List the prime factors of 933389526.
2, 3, 155564921
What are the prime factors of 3098201417?
12011, 257947
What are the prime factors of 11894942?
2, 599, 9929
List the prime factors of 1592170853.
7, 13, 17, 1029199
What are the prime factors of 2324486753?
9419, 246787
List the prime factors of 2225690440.
2, 5, 55642261
What are the prime factors of 10931752?
2, 13, 257, 409
List the prime factors of 894102239.
894102239
What are the prime factors of 6176443985?
5, 809, 1526933
What are the prime factors of 4518588871?
457, 9887503
What are the prime factors of 24871346?
2, 12435673
List the prime factors of 3345608250.
2, 3, 5, 73, 20369
List the prime factors of 7025002428.
2, 3, 585416869
List the prime factors of 34135890.
2, 3, 5, 1137863
What are the prime factors of 2500389496?
2, 11, 89, 29023
List the prime factors of 503492220.
2, 3, 5, 7, 11, 12109
List the prime factors of 317845435.
5, 6113, 10399
List the prime factors of 124507867.
11, 11318897
List the prime factors of 43920176.
2, 2745011
List the prime factors of 53120282.
2, 26560141
What are the prime factors of 709004776?
2, 47, 79, 23869
What are the prime factors of 9849340?
2, 5, 492467
What are the prime factors of 16046971?
83, 193337
List the prime factors of 1368178362.
2, 3, 229, 331921
What are the prime factors of 133522089?
3, 67, 664289
What are the prime factors of 95759071?
37, 587, 4409
List the prime factors of 1572704080.
2, 5, 661, 29741
What are the prime factors of 654530196?
2, 3, 54544183
List the prime factors of 1922468704.
2, 13, 71, 65089
List the prime factors of 39402465.
3, 5, 1187, 2213
What are the prime factors of 1423501300?
2, 5, 13, 149, 7349
What are the prime factors of 160399470?
2, 3, 5, 7, 11, 23, 3019
What are the prime factors of 17805425?
5, 11, 64747
What are the prime factors of 104197086?
2, 3, 7, 227, 3643
List the prime factors of 116992374.
2, 3, 19498729
List the prime factors of 204146508.
2, 3, 17012209
What are the prime factors of 1210983006?
2, 3, 1669, 120929
What are the prime factors of 7807075923?
3, 2602358641
List the prime factors of 1793156272.
2, 112072267
List the prime factors of 4616206918.
2, 32119, 71861
List the prime factors of 821489.
821489
List the prime factors of 80055969.
3, 7, 3812189
List the prime factors of 1840479648.
2, 3, 7, 2738809
List the prime factors of 1633926234.
2, 3, 859, 317021
List the prime factors of 8591696.
2, 23, 37, 631
List the prime factors of 27810605.
5, 47, 118343
What are the prime factors of 414512772?
2, 3, 277, 124703
What are the prime factors of 8398188?
2, 3, 77761
List the prime factors of 90959806.
2, 7, 6497129
List the prime factors of 2163924213.
3, 11, 65573461
What are the prime factors of 2763569137?
7, 1511, 261281
List the prime factors of 263168362.
2, 31, 67, 63353
What are the prime factors of 1161846038?
2, 127, 1549, 2953
What are the prime factors of 346517117?
19, 41, 281, 1583
List the prime factors of 3935439.
3, 145757
What are the prime factors of 2377514972?
2, 7, 84911249
What are the prime factors of 2318709172?
2, 13, 467, 95483
List the prime factors of 62500118.
2, 73, 428083
What are the prime factors of 745333395?
3, 5, 1217, 40829
What are the prime factors of 481711022?
2, 13, 61, 303727
What are the prime factors of 4933665121?
7, 11, 1867, 34319
What are the prime factors of 2013175328?
2, 37, 79, 21523
What are the prime factors of 225582444?
2, 3, 827, 7577
What are the prime factors of 408845713?
787, 519499
What are the prime factors of 98617865?
5, 103, 191491
List the prime factors of 355054021.
7, 233, 217691
What are the prime factors of 745554137?
137, 347, 15683
List the prime factors of 106435514.
2, 191, 278627
List the prime factors of 1308944432.
2, 5623, 14549
What are the prime factors of 62041487?
41, 1513207
List the prime factors of 454127862.
2, 3, 37, 149, 13729
What are the prime factors of 443502385?
5, 227, 390751
What are the prime factors of 7023964896?
2, 3, 13, 149, 1399
What are the prime factors of 34584722?
2, 103, 167887
What are the prime factors of 690740381?
73, 9462197
List the prime factors of 144705071.
7, 17, 1216009
List the prime factors of 9088052.
2, 2272013
What are the prime factors of 1787197399?
13, 19, 31, 233407
What are the prime factors of 2963258554?
2, 1091, 1358047
List the prime factors of 6435287.
47, 269, 509
List the prime factors of 5062094503.
5062094503
List the prime factors of 1885336555.
5, 377067311
List the prime factors of 280427371.
7, 4373, 9161
List the prime factors of 60393396.
2, 3, 7, 659, 1091
What are the prime factors of 278171270?
2, 5, 13, 67, 109, 293
What are the prime factors of 716111685?
3, 5, 353, 5009
What are the prime factors of 9642185?
5, 7, 275491
What are the prime factors of 164271911?
23, 43, 166099
List the prime factors of 43179082.
2, 17, 157, 8089
List the prime factors of 1207417887.
3, 13, 3439937
What are the prime factors of 22552580?
2, 5, 1127629
What are the prime factors of 135675916?
2, 151, 224629
What are the prime factors of 330230270?
2, 5, 17, 67, 79, 367
List the prime factors of 276694102.
2, 109, 1269239
List the prime factors of 1995760805.
5, 79, 5052559
List the prime factors of 72716667.
3, 17, 19, 101, 743
List the prime factors of 89059251.
3, 19, 283, 5521
List the prime factors of 27382586.
2, 7, 11, 269, 661
What are the prime factors of 327049000?
2, 5, 359, 911
List the prime factors of 5021370162.
2, 3, 278965009
What are the prime factors of 47443458?
2, 3, 1117, 7079
What are the prime factors of 311282739?
3, 37, 47, 19889
List the prime factors of 1462566694.
2, 53, 59, 233861
List the prime factors of 2008072585.
5, 31, 12955307
What are the prime factors of 23768789?
11, 239, 9041
List the prime factors of 36022188.
2, 3, 277, 10837
What are the prime factors of 96486691?
7, 109, 126457
List the prime factors of 643627.
239, 2693
List the prime factors of 170905120.
2, 5, 29, 36833
What are the prime factors of 147963379?
47, 3148157
What are the prime factors of 2017832588?
2, 83, 6077809
List the prime factors of 109235063.
7, 37, 60251
List the prime factors of 636885659.
636885659
List the prime factors of 66617900.
2, 5, 17, 149, 263
List the prime factors of 4577108450.
2, 5, 223, 479, 857
List the prime factors of 873556973.
873556973
List the prime factors of 464440983.
3, 37, 4184153
List the prime factors of 21234203.
21234203
What are the prime factors of 258412693?
7, 11, 331, 10139
What are the prime factors of 4598133806?
2, 7, 127, 2586127
What are the prime factors of 311587480?
2, 5, 7789687
List the prime factors of 317624675.
5, 29, 15107
What are the prime factors of 134695641?
3, 17, 131, 20161
What are the prime factors of 18500328?
2, 3, 7, 11, 47, 71
List the prime factors of 1263207784.
2, 227, 695599
What are the prime factors of 207188174?
2, 103594087
What are the prime factors of 1605118049?
3343, 480143
List the prime factors of 237280837.
43, 5518159
What are the prime factors of 27768434?
2, 13884217
List the prime factors of 1271323446.
2, 3, 223, 503, 1889
List the prime factors of 52009353.
3, 11, 67, 7841
What are the prime factors of 31845908?
2, 7961477
What are the prime factors of 68648821?
1709, 40169
List the prime factors of 1631031055.
5, 31, 211, 49871
What are the prime factors of 61496844?
2, 3, 19, 269723
What are the prime factors of 2060142195?
3, 5, 17, 8078989
List the prime factors of 195378120.
2, 3, 5, 7, 31, 41, 61
List the prime factors of 2511482992.
2, 269, 583523
List the prime factors of 3707533369.
23, 277, 359, 1621
What are the prime factors of 46209273?
3, 11, 19, 73699
What are the prime factors of 948920008?
2, 17, 277, 25189
What are the prime factors of 1930413339?
3, 214490371
List the prime factors of 5674206458.
2, 31, 61, 7